
Is 7 a factor of 52226?
False
Does 77 divide 3545773?
True
Does 151 divide 3800368?
True
Is 3463530 a multiple of 7?
True
Is 522023 a multiple of 22?
False
Is 207 a factor of 17388?
True
Is 4 a factor of 192602?
False
Is 2662014 a multiple of 1229?
True
Does 491 divide 7509354?
True
Is 2 a factor of 525740?
True
Does 200 divide 4680972?
False
Does 59 divide 46297?
False
Is 8616439 a multiple of 30?
False
Is 12482 a multiple of 8?
False
Is 75013 a multiple of 15?
False
Is 91 a factor of 2041130?
True
Is 7270650 a multiple of 9?
True
Is 699348 a multiple of 11?
False
Is 7966996 a multiple of 794?
True
Is 13003474 a multiple of 25?
False
Does 377 divide 7935096?
True
Is 177838 a multiple of 310?
False
Does 142 divide 59822?
False
Is 24757 a multiple of 51?
False
Does 4 divide 16916?
True
Does 286 divide 300872?
True
Is 8594 a multiple of 2?
True
Does 64 divide 96704?
True
Is 6233580 a multiple of 90?
True
Is 1257315 a multiple of 545?
True
Does 33 divide 170280?
True
Does 41 divide 183577?
False
Is 17 a factor of 1334552?
False
Does 67 divide 596367?
True
Is 382863 a multiple of 46?
False
Does 3 divide 17925?
True
Does 66 divide 100963?
False
Is 99698 a multiple of 133?
False
Is 9989 a multiple of 50?
False
Is 114 a factor of 260774?
False
Is 53052 a multiple of 9?
False
Is 8 a factor of 236833?
False
Is 4 a factor of 594132?
True
Is 31417725 a multiple of 75?
True
Is 17031 a multiple of 27?
False
Is 1534564 a multiple of 47?
False
Is 138020 a multiple of 12?
False
Is 251100 a multiple of 45?
True
Is 110 a factor of 735892?
False
Is 720130 a multiple of 505?
True
Is 485 a factor of 12971325?
True
Does 129 divide 208725?
False
Is 151 a factor of 1628837?
True
Is 511 a factor of 723065?
True
Is 67 a factor of 1348911?
True
Is 204011 a multiple of 36?
False
Is 4037576 a multiple of 19?
True
Is 23 a factor of 7058167?
False
Does 37 divide 347504?
True
Is 16 a factor of 60576?
True
Does 206 divide 31067?
False
Is 11729762 a multiple of 22?
True
Is 93 a factor of 45477?
True
Does 77 divide 993391?
False
Is 23 a factor of 4099274?
False
Is 10 a factor of 127706?
False
Is 2070995 a multiple of 13?
False
Is 25 a factor of 10532898?
False
Is 176661 a multiple of 305?
False
Does 28 divide 193806?
False
Is 187 a factor of 569415?
True
Is 575 a factor of 185150?
True
Does 25 divide 55825?
True
Is 312400 a multiple of 200?
True
Is 8387395 a multiple of 335?
True
Does 35 divide 2419094?
False
Is 9102475 a multiple of 39?
False
Does 8 divide 465772?
False
Is 17 a factor of 135724?
False
Is 8 a factor of 8777120?
True
Is 769145 a multiple of 75?
False
Is 42 a factor of 40112?
False
Is 13 a factor of 241241?
True
Is 57 a factor of 7678356?
True
Does 45 divide 158937?
False
Is 27690 a multiple of 6?
True
Is 768655 a multiple of 29?
False
Does 9 divide 19909?
False
Is 148744 a multiple of 68?
False
Is 3718954 a multiple of 34?
True
Is 10 a factor of 7827?
False
Does 14 divide 224445?
False
Does 426 divide 441460?
False
Is 83 a factor of 38844?
True
Is 3 a factor of 49850?
False
Is 29 a factor of 225474?
False
Is 59 a factor of 126260?
True
Is 1467356 a multiple of 22?
True
Is 5 a factor of 31178?
False
Does 992 divide 548576?
True
Is 69036 a multiple of 44?
True
Is 76 a factor of 8249643?
False
Does 51 divide 18872522?
False
Is 182745 a multiple of 45?
True
Does 412 divide 1675012?
False
Is 216 a factor of 2466720?
True
Is 1453408 a multiple of 11?
True
Is 80 a factor of 236240?
True
Does 23 divide 3387505?
False
Does 1093 divide 6072708?
True
Is 12 a factor of 977532?
True
Is 123471 a multiple of 153?
True
Does 9 divide 22482?
True
Is 3319930 a multiple of 59?
True
Does 144 divide 250128?
True
Does 113 divide 61698?
True
Does 786 divide 143819?
False
Is 1775075 a multiple of 11?
False
Is 27 a factor of 26667?
False
Is 31 a factor of 15633?
False
Is 21 a factor of 986692?
False
Does 60 divide 6684420?
True
Is 125580 a multiple of 364?
True
Does 9 divide 71433?
True
Is 92185 a multiple of 6?
False
Is 21 a factor of 9820976?
False
Does 73 divide 2082815?
False
Does 77 divide 214907?
True
Is 47581 a multiple of 7?
False
Is 11 a factor of 185319?
False
Is 567 a factor of 1455730?
False
Is 93074 a multiple of 173?
True
Is 110 a factor of 222420?
True
Is 364449 a multiple of 611?
False
Is 277846 a multiple of 180?
False
Does 479 divide 7664?
True
Is 3213377 a multiple of 39?
False
Does 284 divide 201640?
True
Is 81317 a multiple of 173?
False
Is 31 a factor of 126232?
True
Is 104612 a multiple of 7?
False
Does 1624 divide 11952640?
True
Is 7744 a multiple of 16?
True
Does 16 divide 36016?
True
Is 519469 a multiple of 340?
False
Does 2 divide 13606?
True
Is 19458 a multiple of 167?
False
Does 410 divide 80770?
True
Is 331824 a multiple of 6?
True
Is 6 a factor of 2511531?
False
Is 25 a factor of 240537?
False
Is 295 a factor of 167265?
True
Is 84 a factor of 913164?
True
Is 257636 a multiple of 29?
True
Does 10 divide 45306?
False
Does 2 divide 169449?
False
Does 6 divide 3612?
True
Is 459 a factor of 2070549?
True
Is 380960 a multiple of 48?
False
Is 125 a factor of 93010?
False
Is 137 a factor of 2602452?
True
Does 109 divide 48941?
True
Is 58 a factor of 105355?
False
Is 44 a factor of 686356?
True
Is 293 a factor of 655441?
True
Is 3535920 a multiple of 432?
True
Does 87 divide 63520?
False
Is 63 a factor of 4187484?
True
Does 291 divide 502446?
False
Does 32 divide 79525?
False
Is 16 a factor of 2254467?
False
Is 177133 a multiple of 171?
False
Is 833 a factor of 189924?
True
Does 16 divide 15141?
False
Is 232020 a multiple of 30?
True
Is 2622147 a multiple of 439?
True
Is 52084 a multiple of 58?
True
Is 9 a factor of 314431?
False
Is 930 a factor of 532562?
False
Is 8 a factor of 241472?
True
Is 15291166 a multiple of 88?
False
Is 116376 a multiple of 373?
True
Is 24635724 a multiple of 12?
True
Is 1188594 a multiple of 522?
True
Is 26258 a multiple of 14?
False
Is 249040 a multiple of 220?
True
Is 6572 a multiple of 132?
False
Is 21 a factor of 56741?
False
Is 95406 a multiple of 166?
False
Is 24 a factor of 393218?
False
Is 45319 a multiple of 4?
False
Does 37 divide 197526?
False
Is 80 a factor of 42240?
True
Is 24 a factor of 2178552?
True
Does 12 divide 30672?
True
Does 113 divide 1552394?
True
Is 60 a factor of 1331559?
False
Is 4259865 a multiple of 205?
False
Is 23 a factor of 1377590?
False
Is 2840548 a multiple of 62?
False
Does 31 divide 8126809?
False
Does 30 divide 2939430?
True
Does 9 divide 298341?
True
Does 31 divide 2775027?
True
Does 14 divide 125200?
False
Does 178 divide 6134991?
False
Is 63460 a multiple of 334?
True
Is 737190 a multiple of 87?
False
Does 148 divide 34486?
False
Is 185462 a multiple of 47?
True
Does 14 divide 503458?
False
Is 77540 a multiple of 4?
True
Is 22 a factor of 25826746?
True
Is 53 a factor of 4502357?
False
Is 14 a factor of 16460726?
False
Is 12 a factor of 44822?
False
Is 265 a factor of 450126?
False
Does 529 divide 1129585?
False
Is 47 a factor of 2867?
True
Is 207448 a multiple of 219?
False
Does 521 divide 3126965?
False
Does 98 divide 185297?
False
Is 5568 a multiple of 48?
True
Does 41 divide 100368?
True
Is 64392 a multiple of 30?
False
Is 2 a factor of 64994?
True
Is 7858792 a multiple of 544?
False
Does 19 divide 2306377?
False
Does 463 divide 20623?
False
Is 563 a factor of 467853?
True
Is 17 a factor of 474626?
False
Is 38000 a multiple of 16?
True
Is 6 a factor of 539442?
True
Is 234127 a multiple of 2?
False
Is 1412376 a multiple of 24?
True
Is 72 a factor of 1157472?
True
Is 23 a factor of 1394798?
False
Is 4886922 a multiple of 201?
False
Is 908 a factor of 7889612?
True
Is 147510 a multiple of 66?
True
Does 18 divide 2019636?
True
Does 33 divide 116193?
True
Does 27 divide 228717?
True
Does 518 divide 413006?
False
Is 23 a factor of 217985?
False
Is 35503 a multiple of 215?
False
Is 46 a factor of 1786824?
True
Is 764757 a multiple of 63?
True
Is 17 a factor of 3345107?
True
Does 58 divide 325438?
True
Is 619 a factor of 6555210?
True
Is 2164372 a multiple of 40?
False
Is 448 a factor of 803355?
False
Does 1307 divide 11517284?
True
Does 121 divide 4911028?
False
Is 595272 a multiple of 24?
True
Does 538 divide 5912148?
False
Is 9 a factor of 1002264?
False
Does 4 divide 385200?
True
Is 34986 a 